 3, 5
List the prime factors of 10062.
2, 3, 13, 43
What are the prime factors of 2414?
2, 17, 71
List the prime factors of 3262.
2, 7, 233
What are the prime factors of 4234?
2, 29, 73
What are the prime factors of 2490?
2, 3, 5, 83
List the prime factors of 3238.
2, 1619
What are the prime factors of 440?
2, 5, 11
List the prime factors of 3197.
23, 139
What are the prime factors of 30436?
2, 7, 1087
What are the prime factors of 3973?
29, 137
What are the prime factors of 3582?
2, 3, 199
What are the prime factors of 720?
2, 3, 5
What are the prime factors of 584?
2, 73
List the prime factors of 375.
3, 5
List the prime factors of 39807.
3, 4423
List the prime factors of 1215.
3, 5
What are the prime factors of 1275?
3, 5, 17
List the prime factors of 1136.
2, 71
List the prime factors of 385.
5, 7, 11
List the prime factors of 3742.
2, 1871
List the prime factors of 5213.
13, 401
List the prime factors of 43351.
7, 11, 563
List the prime factors of 5216.
2, 163
What are the prime factors of 1366?
2, 683
What are the prime factors of 2491?
47, 53
List the prime factors of 276.
2, 3, 23
What are the prime factors of 1561?
7, 223
What are the prime factors of 493?
17, 29
List the prime factors of 9700.
2, 5, 97
List the prime factors of 8901.
3, 23, 43
List the prime factors of 46483.
23, 43, 47
What are the prime factors of 4029?
3, 17, 79
What are the prime factors of 988?
2, 13, 19
What are the prime factors of 26177?
26177
List the prime factors of 7613.
23, 331
List the prime factors of 4612.
2, 1153
What are the prime factors of 147197?
147197
What are the prime factors of 412?
2, 103
What are the prime factors of 2189?
11, 199
What are the prime factors of 61789?
7, 13, 97
What are the prime factors of 16357?
11, 1487
What are the prime factors of 1623?
3, 541
List the prime factors of 1516.
2, 379
List the prime factors of 32323.
32323
What are the prime factors of 2715?
3, 5, 181
List the prime factors of 121309.
121309
List the prime factors of 1718.
2, 859
List the prime factors of 98685.
3, 5, 17, 43
What are the prime factors of 936?
2, 3, 13
List the prime factors of 837.
3, 31
What are the prime factors of 4816?
2, 7, 43
What are the prime factors of 20684?
2, 5171
What are the prime factors of 3677?
3677
List the prime factors of 73798.
2, 36899
What are the prime factors of 293?
293
What are the prime factors of 26625?
3, 5, 71
List the prime factors of 1046.
2, 523
What are the prime factors of 2403?
3, 89
List the prime factors of 30781.
30781
What are the prime factors of 35711?
13, 41, 67
What are the prime factors of 1697?
1697
List the prime factors of 32097.
3, 13, 823
What are the prime factors of 9274?
2, 4637
List the prime factors of 4567.
4567
List the prime factors of 2559.
3, 853
List the prime factors of 70938.
2, 3, 7, 563
List the prime factors of 7623.
3, 7, 11
What are the prime factors of 15293?
41, 373
List the prime factors of 3934.
2, 7, 281
List the prime factors of 596.
2, 149
What are the prime factors of 26750?
2, 5, 107
List the prime factors of 118004.
2, 29501
List the prime factors of 3955.
5, 7, 113
What are the prime factors of 70?
2, 5, 7
What are the prime factors of 1479?
3, 17, 29
List the prime factors of 6880.
2, 5, 43
What are the prime factors of 6221?
6221
What are the prime factors of 1047?
3, 349
What are the prime factors of 9531?
3, 353
List the prime factors of 10829.
7, 13, 17
List the prime factors of 44812.
2, 17, 659
List the prime factors of 1488.
2, 3, 31
List the prime factors of 11158.
2, 7, 797
List the prime factors of 532.
2, 7, 19
List the prime factors of 1663.
1663
What are the prime factors of 18733?
11, 13, 131
List the prime factors of 462.
2, 3, 7, 11
What are the prime factors of 5962?
2, 11, 271
What are the prime factors of 443?
443
What are the prime factors of 2432?
2, 19
What are the prime factors of 12660?
2, 3, 5, 211
What are the prime factors of 1343?
17, 79
What are the prime factors of 3879?
3, 431
List the prime factors of 34636.
2, 7, 1237
List the prime factors of 9973.
9973
List the prime factors of 2360.
2, 5, 59
What are the prime factors of 24775?
5, 991
List the prime factors of 7500.
2, 3, 5
What are the prime factors of 532?
2, 7, 19
What are the prime factors of 4784?
2, 13, 23
What are the prime factors of 27954?
2, 3, 1553
What are the prime factors of 6815?
5, 29, 47
List the prime factors of 3952.
2, 13, 19
What are the prime factors of 9747?
3, 19
List the prime factors of 60674.
2, 23, 1319
What are the prime factors of 947?
947
What are the prime factors of 14437?
14437
What are the prime factors of 9856?
2, 7, 11
What are the prime factors of 978?
2, 3, 163
List the prime factors of 5196.
2, 3, 433
List the prime factors of 77017.
77017
List the prime factors of 61323.
3, 20441
What are the prime factors of 55819?
55819
What are the prime factors of 52497?
3, 19, 307
List the prime factors of 39645.
3, 5, 881
List the prime factors of 1672.
2, 11, 19
What are the prime factors of 3701?
3701
List the prime factors of 32822.
2, 16411
List the prime factors of 1371.
3, 457
What are the prime factors of 86?
2, 43
List the prime factors of 22613.
22613
List the prime factors of 1788.
2, 3, 149
List the prime factors of 15288.
2, 3, 7, 13
List the prime factors of 490.
2, 5, 7
What are the prime factors of 3895?
5, 19, 41
What are the prime factors of 1544?
2, 193
What are the prime factors of 136?
2, 17
List the prime factors of 5638.
2, 2819
What are the prime factors of 190?
2, 5, 19
List the prime factors of 3336.
2, 3, 139
What are the prime factors of 51472?
2, 3217
List the prime factors of 13505.
5, 37, 73
What are the prime factors of 69?
3, 23
List the prime factors of 120524.
2, 29, 1039
What are the prime factors of 169?
13
List the prime factors of 2321.
11, 211
List the prime factors of 6187.
23, 269
What are the prime factors of 2194?
2, 1097
List the prime factors of 279.
3, 31
List the prime factors of 1600.
2, 5
What are the prime factors of 2627?
37, 71
What are the prime factors of 24705?
3, 5, 61
List the prime factors of 71396.
2, 13, 1373
What are the prime factors of 3085?
5, 617
List the prime factors of 831.
3, 277
List the prime factors of 888.
2, 3, 37
What are the prime factors of 2020?
2, 5, 101
List the prime factors of 11027.
11027
What are the prime factors of 42536?
2, 13, 409
List the prime factors of 38205.
3, 5, 283
What are the prime factors of 45538?
2, 22769
What are the prime factors of 113635?
5, 22727
What are the prime factors of 1045?
5, 11, 19
What are the prime factors of 712?
2, 89
What are the prime factors of 90?
2, 3, 5
List the prime factors of 1581.
3, 17, 31
List the prime factors of 884.
2, 13, 17
What are the prime factors of 49361?
13, 3797
What are the prime factors of 20467?
97, 211
List the prime factors of 1137.
3, 379
List the prime factors of 3398.
2, 1699
What are the prime factors of 791?
7, 113
List the prime factors of 37512.
2, 3, 521
What are the prime factors of 136859?
136859
List the prime factors of 762.
2, 3, 127
List the prime factors of 60244.
2, 15061
List the prime factors of 1474.
2, 11, 67
What are the prime factors of 1141?
7, 163
List the prime factors of 983.
983
What are the prime factors of 245?
5, 7
What are the prime factors of 418?
2, 11, 19
What are the prime factors of 1262?
2, 631
List the prime factors of 681.
3, 227
List the prime factors of 4490.
2, 5, 449
List the prime factors of 6111.
3, 7, 97
What are the prime factors of 5615?
5, 1123
List the prime factors of 3925.
5, 157
List the prime factors of 371.
7, 53
List the prime factors of 827.
827
What are the prime factors of 4029?
3, 17, 79
What are the prime factors of 95116?
2, 7, 43, 79
List the prime factors of 19489.
19489
What are the prime factors of 34797?
3, 7, 1657
List the prime factors of 29674.
2, 37, 401
What are the prime factors of 35470?
2, 5, 3547
What are the prime factors of 28333?
29, 977
List the prime factors of 63716.
2, 17, 937
What are the prime factors of 388?
2, 97
List the prime factors of 10171.
7, 1453
List the prime factors of 5946.
2, 3, 991
What are the prime factors of 7804?
2, 1951
List the prime factors of 407.
11, 37
What are the prime factors of 403